?
28
Suppose 3*o - 3*q + 2*q - 10 = 0, o - 3*q - 6 = 0. Let r = 15 + o. What is the greatest common divisor of 36 and r?
18
Let z be 276/9 - (-2)/(-3). Let c(s) = s**3 + 5*s**2 - 3*s - 1. Let a be c(-4). Let q = a - 15. Calculate the greatest common factor of q and z.
6
Let d(v) = -v + 1. Let h(p) = -6*p - 1. Let k be h(-1). Let w be d(k). Let u be (w - -4) + 8/2. Calculate the highest common divisor of u and 44.
4
Let v = -1 + 10. Suppose 6*m = -339 - 1473. Let s = -221 - m. Calculate the highest common factor of s and v.
9
Let v be 4 + 52/(-16) + (-26)/(-8). Suppose -2*m - s + 23 = 0, 3*m - 27 = v*s - 3*s. Let a = -32 - -82. Calculate the highest common divisor of m and a.
10
Let l(w) = -3*w + 65. Let z be l(20). Suppose z*c - 60 = c - 4*s, -15 = -c - 4*s. Calculate the highest common factor of c and 5.
5
Suppose 96 = -t + 2*t - 3*l, -3*l + 429 = 4*t. Suppose -80 = -5*y + t. Let z = -21 + y. Calculate the highest common factor of z and 4.
4
Let r be 64/(-6 + 3 - -4). Suppose 10 = -2*c + r. Calculate the greatest common factor of 243 and c.
27
Suppose 2*b + 3*d = 6*d + 75, -4*b - 3*d + 123 = 0. Let v be (-6 - -2)*b/12. Let c be v/((4/20)/(-1)). Calculate the greatest common factor of 11 and c.
11
Suppose -13 = 7*m - 90. What is the greatest common divisor of m and 143?
11
Suppose 0 = 4*f - 3*f + 1. Let t = 2 - f. Suppose 90 = t*c + 30. Calculate the greatest common factor of c and 4.
4
Let n be (6834/(-204))/(1/(-2)). Calculate the greatest common divisor of n and 268.
67
Suppose -32*u + 131 = -93. Let j(s) = s + 11. Let f be j(-10). Calculate the highest common factor of u and f.
1
Let i(z) = 10*z**2 + 40*z + 296. Let v be i(-17). Calculate the greatest common divisor of v and 14.
14
Let k be (-282)/(-14) - 2/14. Suppose -k = -7*p + 2*p. Suppose 14 = p*i - 6. What is the greatest common divisor of i and 1?
1
Let a(q) = -q**2 - q + 7. Let u(x) = -x. Let r(g) = -a(g) + 2*u(g). Let t be r(7). Let p = -18 + 32. What is the highest common divisor of t and p?
7
Suppose -17 = -u + 5*f, 5*u - 17 = -5*f + 8. Suppose 3*v - 13*v = 520. Let b = v + 59. What is the highest common factor of u and b?
7
Let p be 8*(4 + -1 - 2). Let v be (-2)/6 - (-17756)/276. Calculate the greatest common divisor of v and p.
8
Suppose 4*w = -a + 112, w + 4*a = 8*a + 11. Calculate the greatest common factor of w and 1080.
27
Let y(d) = d**2 - 8*d - 20. Let r be y(10). Suppose 5*i = 3*i, 5*z + 3*i - 1320 = r. Calculate the highest common divisor of 24 and z.
24
Let z(v) = -12*v - 8. Suppose 5*p = -3 + 33. Let d = -11 + p. Let u be z(d). Calculate the highest common divisor of u and 13.
13
Let o(h) = -h**3 - 20*h**2 - 28*h - 11. Let z be o(-19). Suppose -y = 4*y - 2*d - z, -128 = -4*y - 3*d. What is the highest common divisor of y and 2?
2
Suppose 0*p + 90 = 5*p. Suppose w - 5*w + 792 = 0. Calculate the greatest common divisor of p and w.
18
Suppose -3*y = -5*y + 2, -5*r + 83 = 3*y. Suppose 0 = 11*q - 5*q - 768. Calculate the greatest common factor of r and q.
16
Let g = -627 - -717. Calculate the highest common factor of 5 and g.
5
Let n(b) be the first derivative of -8*b**2 + 8*b - 13. Let h be n(-3). What is the highest common divisor of 8 and h?
8
Let g = -98 + 151. Let p = -47 + g. Calculate the greatest common factor of p and 24.
6
Let j = -18034 + 18038. Suppose -1 = 3*i + 4*g - 0*g, -4*i - g + 16 = 0. Calculate the greatest common divisor of i and j.
1
Let p(n) = -12*n + 5. Let w = 8 + -13. Let f be p(w). Suppose -4 = 2*g, -4*g - 88 = -3*b + g. Calculate the greatest common divisor of b and f.
13
Suppose -3*i - 4 = -19. Let o be (69/(-12) + i)/((-1)/24). Calculate the greatest common divisor of o and 27.
9
Suppose -13*r - 76 = -323. Let b be ((-4)/5)/((-2)/105). Let s be (-4)/14 - (-3204)/b. Calculate the greatest common factor of s and r.
19
Let k be 1*4 + (-1 - -14). Let h be (-12)/(-1) + 17/k. Let y be (-262)/(-4) - 1/2. What is the greatest common divisor of h and y?
13
Let d be -1 + 2 + 3/3. Suppose 28 = 4*s - 4*q, -4*q = -5*s - d*q + 50. Suppose 5*i = 0, 0*i = -5*a + 3*i + 240. What is the greatest common factor of s and a?
12
Let v(t) = t**2 + t. Let p be v(-1). Suppose -2*y - 20 = -6*y. Suppose -y*g + 250 = -p*g. What is the greatest common factor of g and 10?
10
Suppose 15*o - 18*o + 398 = -5*z, -4*z = 5*o - 614. What is the highest common divisor of o and 70?
14
Let d(c) = -c**2 - 21*c - 1. Let l be d(-18). What is the greatest common factor of l and 477?
53
Suppose 5*g - 1973 - 1992 = 0. What is the greatest common divisor of 13 and g?
13
Let f = -419 - -617. Calculate the highest common factor of 18 and f.
18
Let m = -1669 + 3762. Calculate the greatest common divisor of m and 322.
161
Suppose -5*h + 54 = -3*f, -3*h - 33 = -5*h + 5*f. Let w = 1331 - 1328. What is the highest common divisor of h and w?
3
Let u(l) = -l**3 + 13*l**2 + 25*l + 57. Let f be u(-10). Calculate the greatest common divisor of f and 49.
49
Let x(o) = 7*o**2 - 1. Let f = 21 + -22. Let w be x(f). Suppose -2*b - 2*c = 3*c + 2, 2*c - 28 = -4*b. What is the highest common divisor of w and b?
3
Let b(i) = -9*i + 2. Suppose 4*f + 0*f = -8. Let v be b(f). Let h = 42 - v. Calculate the highest common divisor of 154 and h.
22
Let u(q) = -135*q + 817. Let b be u(6). Let c = 2 + 4. Suppose f = c*f - 35. What is the highest common divisor of b and f?
7
Suppose -2*r = -5*r + 228. Let t be (-12)/54 + r/18. Suppose -4*p + 628 = -4*o, -t*o - 170 - 2 = -p. What is the highest common divisor of 19 and p?
19
Suppose -5*r - 1300 + 2175 = 0. Calculate the highest common divisor of r and 225.
25
Suppose 0 = 4*q - 5*q + v + 241, 0 = 2*q + 5*v - 475. Calculate the highest common factor of q and 192.
48
Let d = 1732 + -829. Calculate the highest common factor of d and 21.
21
Suppose 14278 - 4273 = 15*p. What is the greatest common divisor of p and 29?
29
Let d = -9 - -15. Let z(g) = -3*g + 15. Let s be z(4). Calculate the highest common factor of d and s.
3
Suppose -2*i = -5*i + 3. Suppose 4*k = -d + 3*d - 38, 0 = d - 3*k - 24. What is the highest common factor of i and d?
1
Let r be 6/(-36)*-6*32. Calculate the highest common divisor of r and 3.
1
Suppose 0 = 3*t + 4*t - 182. Suppose 18 = 2*q + 4*m - t, -q + 4*m = -40. Let a(v) = -4*v. Let p be a(-1). What is the highest common factor of p and q?
4
Let c be (6/(2*-9))/((-2)/18). Suppose -h - 2*s = -212, s = 4 - c. What is the highest common factor of 30 and h?
30
Let h(x) = x**2 - 10*x + 16. Let d be h(9). Calculate the greatest common factor of 7 and d.
7
Let u(s) = -s**2 - 14*s - 25. Let y be u(-3). Calculate the highest common divisor of 216 and y.
8
Suppose -4 = -7*f + 6*f. Suppose 4*d = 3*m - 7, -1 = m - f*d + 2. Calculate the greatest common divisor of 45 and m.
5
Let c(u) = 61*u - 146. Let q be c(11). Calculate the highest common factor of 21 and q.
21
Let h = 0 - -1. Let k be (-4)/(-16) - 0 - 81/(-12). Suppose -4*m + h = -k. What is the greatest common factor of m and 5?
1
Suppose -4*n = 27 - 175. Let l(j) = -j**3 - 19*j**2 + 13*j + 8. Let i be l(-20). Calculate the greatest common divisor of i and n.
37
Suppose -76 = -3*v + 2*h, 3*v - 28 - 53 = -3*h. Suppose 5*i - 4*g = 131, 2*g - 3*g - v = -i. Calculate the greatest common divisor of i and 9.
9
Suppose 53 = 21*w - 31. What is the greatest common divisor of w and 172?
4
Let r(m) = -71*m - 5. Let j be r(-2). Let d = -60 + j. Calculate the greatest common divisor of d and 7.
7
Let p(z) = z**2 + 9*z + 31. Let m be p(-3). Calculate the highest common factor of 13 and m.
13
Suppose 0 = 2*r + 4*v + 8, 4*r - 4*v = 7*r + 2. Let w be ((-4)/5)/(146/(-8760)). What is the highest common divisor of w and r?
6
Suppose -258*f + 275*f - 16184 = 0. Calculate the greatest common factor of 42 and f.
14
Suppose 31*k + 9 = 71. Let u be -3 - (-5 + -2 + -2). Calculate the greatest common divisor of k and u.
2
Suppose -848*a + 853*a = 35. Calculate the greatest common factor of a and 10.
1
Suppose 0 = 4*x - 92 - 204. Let n = -58 + x. Let d(i) = -i**3 + 7*i**2 + 4. Let f be d(3). Calculate the greatest common factor of n and f.
8
Let h(p) = 13*p - 1. Let i be h(-5). Let d be (i*(-6)/(-8))/((-62)/124). Calculate the highest common divisor of d and 11.
11
Let m(c) = 2*c**2 - 7*c + 1. Suppose -4*q + 25 - 1 = 0. Let r be m(